in base 14?
-12
12 (base 5) to base 15
7
36 (base 10) to base 9
40
1b (base 16) to base 10
27
Convert 21 (base 9) to base 15.
14
-3 (base 11) to base 6
-3
Convert 1 (base 9) to base 16.
1
Convert 21 (base 3) to base 12.
7
231 (base 4) to base 7
63
Convert 222 (base 4) to base 13.
33
0 (base 7) to base 2
0
What is -10 (base 6) in base 2?
-110
What is 27 (base 16) in base 9?
43
What is -232 (base 8) in base 15?
-a4
Convert -22 (base 5) to base 7.
-15
What is 2000 (base 4) in base 5?
1003
-10 (base 13) to base 8
-15
Convert 1 (base 8) to base 11.
1
Convert 219 (base 11) to base 14.
14a
-1034 (base 5) to base 11
-121
What is -2 (base 13) in base 2?
-10
-6 (base 9) to base 7
-6
What is 2 (base 5) in base 9?
2
What is 42 (base 14) in base 8?
72
1 (base 2) to base 6
1
What is 1 (base 4) in base 8?
1
-2 (base 6) to base 12
-2
Convert -12021 (base 3) to base 4.
-2032
What is -536 (base 7) in base 9?
-332
-30 (base 10) to base 13
-24
What is -4 (base 6) in base 15?
-4
-93 (base 10) to base 3
-10110
Convert -22 (base 7) to base 15.
-11
-210 (base 3) to base 4
-111
Convert -2 (base 9) to base 6.
-2
14 (base 5) to base 11
9
Convert 6 (base 14) to base 13.
6
1 (base 4) to base 7
1
1000 (base 2) to base 9
8
What is 22 (base 4) in base 11?
a
Convert -8 (base 15) to base 12.
-8
Convert 41 (base 12) to base 15.
34
-2210 (base 3) to base 4
-1023
Convert 4 (base 12) to base 14.
4
Convert 0 (base 5) to base 10.
0
-10000100 (base 2) to base 11
-110
1e (base 15) to base 4
131
What is -11 (base 4) in base 14?
-5
Convert -167 (base 10) to base 14.
-bd
9 (base 14) to base 6
13
What is -1112 (base 6) in base 10?
-260
What is -11 (base 11) in base 4?
-30
What is 111 (base 8) in base 7?
133
Convert 204 (base 8) to base 11.
110
What is e7 (base 16) in base 3?
22120
-46 (base 9) to base 13
-33
What is -93 (base 12) in base 4?
-1233
Convert -11 (base 3) to base 9.
-4
11 (base 10) to base 3
102
Convert 1 (base 13) to base 9.
1
Convert 0 (base 2) to base 8.
0
What is 3b (base 12) in base 10?
47
Convert 4d (base 14) to base 8.
105
-230 (base 5) to base 10
-65
14 (base 12) to base 9
17
Convert 11 (base 6) to base 7.
10
Convert -323 (base 5) to base 16.
-58
Convert 1 (base 12) to base 5.
1
What is -9 (base 13) in base 9?
-10
-12 (base 5) to base 10
-7
-4 (base 16) to base 3
-11
-a (base 13) to base 15
-a
What is 10 (base 16) in base 5?
31
What is 23 (base 6) in base 10?
15
1 (base 4) to base 7
1
-20 (base 4) to base 5
-13
1 (base 3) to base 6
1
What is 1 (base 7) in base 2?
1
-140 (base 5) to base 16
-2d
-40 (base 5) to base 14
-16
3202 (base 4) to base 15
101
Convert -1322 (base 4) to base 5.
-442
What is 0 (base 5) in base 3?
0
What is -44 (base 11) in base 9?
-53
What is -a (base 14) in base 5?
-20
Convert -4 (base 15) to base 9.
-4
Convert -5 (base 14) to base 8.
-5
Convert -1 (base 15) to base 4.
-1
What is -f (base 16) in base 14?
-11
-50 (base 8) to base 5
-130
-30 (base 7) to base 9
-23
43 (base 16) to base 14
4b
What is -34 (base 7) in base 15?
-1a
What is -3 (base 7) in base 2?
-11
Convert 22 (base 12) to base 13.
20
381 (base 9) to base 6
1244
Convert 0 (base 2) to base 3.
0
What is 4 (base 7) in base 3?
11
What is -131 (base 5) in base 12?
-35
What is -472 (base 8) in base 10?
-314
-1011100 (base 2) to base 13
-71
-20 (base 5) to base 13
-a
10111011 (base 2) to base 16
bb
Convert 12 (base 6) to base 14.
8
What is -11 (base 2) in base 15?
-3
-66 (base 13) to base 4
-1110
Convert -1204 (base 6) to base 12.
-204
Convert -10 (base 5) to base 6.
-5
What is -104 (base 5) in base 8?
-35
What is 9 (base 10) in base 13?
9
What is -25 (base 10) in base 14?
-1b
Convert -4 (base 15) to base 5.
-4
What is -212 (base 3) in base 8?
-27
100001 (base 2) to base 15
23
-8 (base 10) to base 4
-20
What is -10 (base 9) in base 11?
-9
What is 47 (base 8) in base 16?
27
What is 14 (base 11) in base 12?
13
What is -72 (base 9) in base 3?
-2102
3 (base 14) to base 16
3
-4 (base 10) to base 7
-4
What is -222 (base 5) in base 8?
-76
What is 1 (base 15) in base 2?
1
Convert 140 (base 11) to base 12.
119
What is -6 (base 9) in base 2?
-110
Convert 143 (base 10) to base 8.
217
Convert 2c (base 13) to base 10.
38
What is -213 (base 4) in base 9?
-43
0 (base 4) to base 3
0
What is -10002 (base 3) in base 7?
-146
322 (base 5) to base 2
1010111
22210 (base 3) to base 7
456
-1000 (base 2) to base 4
-20
Convert -7 (base 15) to base 2.
-111
What is 45 (base 13) in base 3?
2010
-110 (base 3) to base 16
-c
Convert -13 (base 6) to base 5.
-14
-1b0 (base 15) to base 13
-240
1 (base 11) to base 12
1
What is -5 (base 10) in base 11?
-5
What is -2 (base 14) in base 6?
-2
-76 (base 16) to base 2
-1110110
Convert 0 (base 9) to base 4.
0
Convert 2 (base 3) to base 7.
2
Convert -1134 (base 6) to base 5.
-2044
-15 (base 16) to base 12
-19
What is -3 (base 7) in base 12?
-3
What is b (base 14) in base 6?
15
Convert -10112 (base 3) to base 15.
-65
-19 (base 10) to base 5
-34
What is 0 (base 11) in base 8?
0
-45 (base 16) to base 13
-54
What is -1 (base 13) in base 3?
-1
What is 21 (base 3) in base 11?
7
0 (base 4) to base 7
0
Convert -11 (base 5) to base 11.
-6
Convert 113 (base 4) to base 11.
21
10 (base 3) to base 6
3
2 (base 10) to base 9
2
What is -11 (base 5) in base 8?
-6
Convert d (base 16) to base 4.
31
Convert 77 (base 8) to base 7.
120
Convert -2 (base 15) to base 2.
-10
6 (base 13) to base 5
11
What is 3 (base 12) in base 14?
3
Convert -3 (base 10) to base 16.
-3
-41 (base 14) to base 8
-71
Convert -1210 (base 3) to base 2.
-110000
What is 7 (base 8) in base 6?
11
9 (base 14) to base 12
9
What is -111 (base 4) in base 7?
-30
What is 11100 (base 2) in base 8?
34
Convert -304 (base 5) to base 3.
-2221
Convert -7a (base 15) to base 6.
-311
-3 (base 16) to base 5
-3
What is 3b (base 12) in base 7?
65
What is 5 (base 7) in base 16?
5
Convert 0 (base 7) to base 15.
0
What is 32 (base 4) in base 8?
16
Convert c (base 14) to base 5.
22
Convert 11 (base 15) to base 8.
20
Convert -2b (base 16) to base 2.
-101011
-10 (base 4) to base 3
-11
Convert -21 (base 4) to base 8.
-11
What is -4 (base 14) in base 2?
-100
-17 (base 13) to base 3
-202
Convert -212 (base 3) to base 14.
-19
-38 (base 16) to base 4
-320
36 (base 15) to base 3
1220
What is 6 (base 11) in base 4?
12
What is 1 (base 2) in base 9?
1
55 (base 10) to base 5
210
-1 (base 10) to base 7
-1
-10010011 (base 2) to base 13
-b4
Convert 271 (base 10) to base 13.
17b
What is -54 (base 6) in base 3?
-1021
What is 221 (base 3) in base 13?
1c
-2b (base 12) to base 14
-27
What is 1 (base 5) in base 11?
1
-104 (base 5) to base 8
-35
What is -8 (base 10) in base 15?
-8
What is 0 (base 7) in base 9?
0
What is -19c (base 13) in base 12?
-20a
What is -122 (base 5) in base 13?
-2b
-1011010 (base 2) to base 14
-66
Convert -41 (base 7) to base 11.
-27
What is -5 (base 10) in base 13?
-5
-1 (base 6) to base 4
-1
Convert -14 (base 6) to base 2.
-1010
What is 10 (base 3) in base 10?
3
Convert 2 (base 6) to base 11.
2
What is -6 (base 8) in base 13?
-6
Convert 1010 (base 6) to base 2.
11011110
Convert -fc (base 16) to base 3.
-100100
1 (base 15) to base 4
1
Convert -3 (base 10) to base 9.
-3
Convert 22 (base 4) to base 16.
a
-11 (base 9) to base 14
-a
Convert 8 (base 15) to base 12.
8
What is 20 (base 6) in base 10?
12
What is -33 (base 5) in base 7?
-24
-6 (base 12) to base 16
-6
Convert 15 (base 11) to base 3.
121
a4 (base 16) to base 8
244
8b (base 14) to base 10
123
Convert 11 (base 5) to base 2.
110
110110 (base 2) to base 16
36
Convert 28 (base 14) to base 11.
33
a (base 16) to base 10
10
0 (base 3) to base 2
0
6 (base 10) to base 16
6
What is -1 (base 4) in base 5?
-1
100 (base 2) to base 9
4
Convert 3 (base 12) to base 3.
10
Convert 110 (base 3) to base 16.
c
-20 (base 9) to base 3
-200
What is 11 (base 16) in base 3?
122
5 (base 7) to base 3
12
Convert -25 (base 10) to base 15.
-1a
-34 (base 7) to base 14
-1b
-32 (base 7) to base 11
-21
What is 110 (base 3) in base 15?
c
What is 201 (base 3) in base 5?
34
6 (base 8) to base 6
10
1 (base 11) to base 13
1
What is -110 (base 3) in base 14?
-c
What is 7 (base 9) in base 6?
11
Convert 11 (base 10) to base 4.
23
0 (base 15) to base 9
0
Convert -1112 (base 3) to base 16.
-29
Convert -147 (base 12) to base 8.
-307
1020 (base 